*a = -2*t - 180, -a = 2*t - 52 - r. What is the greatest common divisor of a and 24?
12
Suppose 0 = d - 5*d + 176. Let n = 14 - 10. What is the greatest common divisor of d and n?
4
Let v be 1 - -1 - 5 - 2. Let k = -1 - v. Suppose -3*r = r + 2*t - 80, 0 = -k*r - t + 76. What is the highest common factor of 45 and r?
9
Suppose 2*x - 16 = 14. Suppose -3*p = -7*p, 3*p = 5*j - x. Suppose -5*i = -j*i - 3*z - 33, -2*z - 19 = -i. What is the highest common factor of 99 and i?
9
Suppose 0 = 4*o + 2*w - 44, 8*o = 5*o + 2*w + 33. Let t(b) = 39*b - 1. Let x be t(2). Calculate the greatest common factor of x and o.
11
Let t(n) = n**3 + 6*n**2 + n - 2. Suppose 3*m - 2*m - 7 = 2*f, 5*f = -25. Let z be t(m). What is the highest common divisor of 198 and z?
22
Let z(a) = 3*a - 27. Let n be z(15). What is the greatest common divisor of n and 198?
18
Let x be (-2)/7 - 247/(-7). Calculate the greatest common divisor of x and 5.
5
Suppose r = 5*j + 9, j = -4*r + 6*r - 9. Let h = -3 + 8. Suppose 63 = h*t - 3*k + 13, -3*k = -t + 10. Calculate the highest common divisor of r and t.
2
Let k(x) = x**2 - 13*x - 41. Let i be k(17). Calculate the greatest common divisor of 189 and i.
27
Let g be (-4)/(-5) + (-4199)/(-95). Calculate the greatest common factor of 15 and g.
15
Suppose -o = -5*n - 4, -2*n = -4*n. Suppose -9 = o*q - 1. Let t be q + (2 + -3)*-9. What is the highest common divisor of 56 and t?
7
Let i(q) = -q**3 - 7*q**2 - 8*q - 8. Let h be 2 + -2 + (-2 - 4). Let z be i(h). What is the highest common divisor of 36 and z?
4
Let x(m) = -m**3 + 8*m**2 + 9. Let i be x(8). Suppose -3*c - 3*q + 18 = 0, -4*c + 5*q = -2*c + 23. What is the greatest common divisor of i and c?
1
Suppose -3*x + 32 = x. Calculate the highest common factor of 16 and x.
8
Let o(l) = l**3 - 10*l**2 + 8*l + 5. Let h be o(9). Let b be (22/h)/((-1)/18). Calculate the greatest common divisor of 9 and b.
9
Let l(k) = -206*k**3 + 2*k**2 - 1. Let s be l(-1). What is the greatest common factor of s and 23?
23
Let x = 0 - -5. Suppose 0 = -m - 3*m + 40. Calculate the greatest common divisor of x and m.
5
Let z(q) = -q**3 + 11*q**2 + q + 4. Let r be z(11). Suppose 6 = 3*i, -o + i + r = -34. What is the greatest common divisor of o and 17?
17
Let u(n) = 79*n**2 + 1. Let z be u(1). Let s(x) = -63*x**2 - x. Let w be s(-1). Let g = -30 - w. What is the highest common divisor of g and z?
16
Suppose 5*b - 3 = 12. Calculate the greatest common factor of b and 12.
3
Let u = -789 + 1482. Let n be 1/(-5) + u/(-35). Let g be 3/2*n/(-3). Calculate the highest common factor of 20 and g.
10
Let h be ((-16)/(-20))/(1/55). Calculate the highest common divisor of h and 11.
11
Suppose -h - 1 = -9. Calculate the greatest common factor of 88 and h.
8
Let l = -125 + 134. What is the highest common divisor of l and 45?
9
Let u = -75 + 115. Suppose 5*v = 1 + 14. Suppose -12 = -v*c + 3*h, -c - h = -4*c + 20. Calculate the highest common divisor of u and c.
8
Suppose 0 = -4*n - n + 5. Calculate the highest common divisor of n and 14.
1
Let d(i) = i**3 + 8*i**2 - 9*i + 18. Let z be d(-9). What is the highest common factor of 18 and z?
18
Let g = 173 - 69. Suppose -4 = -4*q + g. What is the greatest common factor of 18 and q?
9
Suppose -15 = 17*r - 20*r. Suppose 0 = r*l - 195 - 390. Calculate the greatest common factor of 13 and l.
13
Suppose -4*h + 44 = -12. Let m = -10 + h. Let p(w) = -6*w**3 - w**2 - 2*w - 1. Let y be p(-1). What is the highest common factor of m and y?
2
Let p = -5 - -37. What is the highest common divisor of 16 and p?
16
Let m = -16 - -28. What is the greatest common divisor of 3 and m?
3
Suppose -2*t - 4*f = 2*t - 180, -4*f = 5*t - 221. Let r(i) = -10*i + 3. Let g be r(2). Let u = t + g. Calculate the greatest common factor of u and 60.
12
Let n = 20 - 14. Let s be 2 + 8 - 4/(-4). Suppose 4*p + 33 + s = 2*z, z + 2*p - 26 = 0. What is the highest common divisor of z and n?
6
Suppose 0 = 5*l - 4*x + 15, -4*x = l - 8*x + 19. Let q(i) = 2*i - 2*i - l + 8*i. Let y be q(1). What is the highest common divisor of 28 and y?
7
Let y be (2 - -1)*960/10. Calculate the highest common divisor of y and 36.
36
Let m(g) = g**3 + 2*g**2 - 3*g + 2. Let b be m(5). What is the highest common divisor of b and 18?
18
Suppose 27 - 7 = 4*i. Calculate the greatest common factor of i and 2.
1
Let c be (-2)/(-1) + (3 - -2)*2. Suppose -w - 2*q = 94, 0*q - q = 4*w + 404. Let p = -54 - w. Calculate the highest common divisor of p and c.
12
Let n be 60/((6/12)/((-8)/(-6))). What is the greatest common divisor of 20 and n?
20
Suppose -c + 249 - 51 = 0. Let s = -35 - -85. Suppose -5*g - 3*y = -g - 75, 4*y + s = 3*g. What is the highest common factor of g and c?
18
Suppose -4*w + 40 = 4*z, -3*z - 18 = -w + 8. What is the greatest common factor of 14 and w?
14
Let x be 1/4 + 2154/24. Suppose -x = -6*q + q. Let m = -166 + 310. Calculate the greatest common divisor of m and q.
18
Suppose 2*a + 4*d = 174, -4*a + 0*d + d + 303 = 0. Calculate the highest common factor of a and 14.
7
Let h = 44 - 70. Let j(t) = -36*t**3 + t**2 + t + 1. Let y be j(-1). Let u = y + h. Calculate the greatest common factor of u and 77.
11
Suppose -v - 4 = 2. Let s(k) = -12 + k**2 + 10 + 4 + 3*k. Let x be s(v). Calculate the highest common divisor of 10 and x.
10
Let p be ((-3)/(-6))/((-1)/(-2)). Let q be (27/18)/(p/20). What is the greatest common divisor of q and 10?
10
Suppose 10*j = 5*j + 50. Suppose -c - c = -j. Suppose -175 = -3*q - 2*q - c*t, 4*q - 130 = t. Calculate the highest common factor of 3 and q.
3
Let f = -100 - -115. Calculate the highest common factor of f and 30.
15
Let t be 244/10 + 4/(-10). What is the highest common factor of 264 and t?
24
Let b be 22/2 - 3/(-3). What is the greatest common divisor of b and 12?
12
Let q(v) = v**2 + 9*v - 14. Let r be q(-11). Let y = r - 2. What is the greatest common divisor of y and 66?
6
Let u = -12 + 30. What is the highest common divisor of 9 and u?
9
Let c(b) = -b + 27. Let m be c(11). Calculate the greatest common divisor of m and 176.
16
Suppose 4*a - 54 - 142 = 0. Calculate the highest common divisor of 7 and a.
7
Let k(t) = 12*t**2 - 2*t + 1. Let p be k(2). Suppose 0 = 5*y - p - 85. Let d(q) = q**2 + 4*q + 8. Let r be d(-5). What is the highest common divisor of y and r?
13
Suppose -8 = -5*c + 4*c - 4*w, 5*c = w + 19. Let v be 142/c - (-10)/20. Let r = 5 + -1. What is the greatest common divisor of r and v?
4
Let u be (1*2*1)/(108/594). Let f be (-2)/(-8) - 86/(-8). Calculate the greatest common factor of u and f.
11
Let f = 83 + -23. Let w be (26 + 1 + -3)/1. What is the highest common divisor of w and f?
12
Let t = 164 + -163. Suppose q - 13 = -z, -55 = -5*z + q - 4*q. What is the highest common factor of z and t?
1
Suppose -2*a = 3*r - 0*a - 16, 3*r = 3*a + 36. Let z = -5 + 7. What is the greatest common factor of r and z?
2
Let n(m) be the second derivative of -1/6*m**3 + 0 + 99/2*m**2 - 2*m. Let p be n(0). What is the greatest common factor of p and 11?
11
Let h be (14/10 + -1)*25. Suppose 4*x + 2*z + 0*z = 434, 0 = z + 3. Calculate the highest common factor of x and h.
10
Let d be (40/14)/((-32)/(-112)). What is the greatest common divisor of d and 290?
10
Suppose -180 = 5*p - 8*p. Calculate the greatest common divisor of p and 12.
12
Suppose -3*k = k - 20. Suppose -k*h = 4*q - 145, -2*q - 120 = -5*h - q. Calculate the highest common factor of h and 200.
25
Suppose 2*w - 11 = -a + 27, 2*a - 80 = -2*w. Let c = 68 - a. Suppose -4*x + 61 = l, 5*l - 89 = -3*x + 233. What is the greatest common divisor of c and l?
13
Suppose -5*l - 33 + 138 = 0. Suppose -l = -4*c + 3. Let n(z) = -z**3 + 7*z**2 - 2*z - 5. Let y be n(c). Calculate the greatest common divisor of y and 152.
19
Let j(w) = w**3 - 6*w**2 + 7. Let p be j(6). Calculate the greatest common divisor of p and 126.
7
Suppose 27 + 117 = 9*h. What is the greatest common divisor of h and 24?
8
Suppose -16*m + 13*m = -180. What is the greatest common factor of m and 36?
12
Suppose r + 5*x + 1 + 0 = 0, -5*x - 49 = -r. Let z = 20 + -8. What is the highest common divisor of r and z?
12
Let c be -9*(2 - 39/9). Suppose 3*a - 6 = -3*m + c, 0 = 2*m - 4*a - 36. Suppose 3*f = 4*f - m. What is the greatest common divisor of f and 108?
12
Let j be (2/1)/((-3)/(-